 10079 composite?
False
Is 493 composite?
True
Is 15877 composite?
False
Is 903179 a prime number?
True
Is 737857 prime?
True
Is 5993 a prime number?
False
Is 21391 composite?
False
Is 263723 composite?
False
Is 756979 composite?
True
Is 14191 a prime number?
False
Is 152119 a composite number?
True
Is 10123 a composite number?
True
Is 44309 prime?
False
Is 61091 a prime number?
True
Is 3137 a prime number?
True
Is 7517 a prime number?
True
Is 2059 a composite number?
True
Is 35417 a composite number?
True
Is 2754991 composite?
False
Is 10643 composite?
True
Is 2161 a composite number?
False
Is 943 a prime number?
False
Is 2215 a composite number?
True
Is 27329 composite?
False
Is 1117 prime?
True
Is 177397 a composite number?
True
Is 95729 a composite number?
True
Is 15089 prime?
False
Is 28151 a composite number?
False
Is 14513 a composite number?
True
Is 85783 a composite number?
True
Is 44139 prime?
False
Is 28051 a prime number?
True
Is 3491 composite?
False
Is 211859 composite?
False
Is 5435 prime?
False
Is 45707 a composite number?
False
Is 368521 prime?
True
Is 1433857 a prime number?
False
Is 650443 prime?
False
Is 671051 prime?
False
Is 1035931 prime?
False
Is 4379 prime?
False
Is 1878733 composite?
False
Is 2057962 a prime number?
False
Is 2366395 composite?
True
Is 76469 a prime number?
False
Is 3263 composite?
True
Is 1459 composite?
False
Is 186593 composite?
True
Is 9057 a composite number?
True
Is 3821 prime?
True
Is 448451 a composite number?
False
Is 368363 prime?
True
Is 230829 composite?
True
Is 279781 a prime number?
False
Is 12622 a prime number?
False
Is 168617 a composite number?
False
Is 9767 composite?
False
Is 3437 prime?
False
Is 40679 a composite number?
True
Is 120277 a composite number?
False
Is 5793 composite?
True
Is 44879 a prime number?
True
Is 30643 a prime number?
True
Is 11239 composite?
False
Is 26965 a composite number?
True
Is 179 prime?
True
Is 18629 a composite number?
True
Is 941 a composite number?
False
Is 13567 a prime number?
True
Is 5191 a prime number?
False
Is 8501 composite?
False
Is 696793 composite?
False
Is 33227 prime?
False
Is 268409 a composite number?
True
Is 2291 a prime number?
False
Is 130061 a composite number?
True
Is 1895 prime?
False
Is 5094437 prime?
True
Is 62173 a composite number?
True
Is 63177 composite?
True
Is 17993 a composite number?
True
Is 8803 composite?
False
Is 2959 a prime number?
False
Is 22639 a prime number?
True
Is 20819 a composite number?
True
Is 39281 composite?
True
Is 126265 a prime number?
False
Is 36433 composite?
False
Is 76767 composite?
True
Is 33133 a prime number?
False
Is 16087 a composite number?
False
Is 2837431 a composite number?
False
Is 7283 composite?
False
Is 263863 a prime number?
True
Is 528611 a prime number?
True
Is 24286 a composite number?
True
Is 182165 prime?
False
Is 78097 composite?
True
Is 58271 composite?
False
Is 48173 a prime number?
False
Is 5323 prime?
True
Is 787 a composite number?
False
Is 5803 prime?
False
Is 27453 a composite number?
True
Is 7807 a composite number?
True
Is 34019 a prime number?
True
Is 17933 composite?
True
Is 566647 prime?
False
Is 85009 prime?
True
Is 2902381 a prime number?
False
Is 10306 prime?
False
Is 314003 prime?
True
Is 1942 a prime number?
False
Is 63781 prime?
True
Is 8059 composite?
False
Is 309977 composite?
False
Is 47339 composite?
False
Is 217681 a prime number?
True
Is 4073 a prime number?
True
Is 28277 a composite number?
False
Is 2653991 composite?
False
Is 1485707 composite?
True
Is 3194 a prime number?
False
Is 130579 a composite number?
False
Is 1163 composite?
False
Is 298399 prime?
True
Is 17249 prime?
False
Is 12335 composite?
True
Is 747295 a prime number?
False
Is 12847 a composite number?
True
Is 212833 prime?
False
Is 37493 a composite number?
False
Is 92297 composite?
False
Is 11591 a prime number?
False
Is 30757 composite?
False
Is 149 a composite number?
False
Is 143617 prime?
True
Is 163729 composite?
False
Is 384145 a composite number?
True
Is 28297 a prime number?
True
Is 895 prime?
False
Is 2651947 prime?
True
Is 119287 composite?
True
Is 23623 composite?
False
Is 13591 a prime number?
True
Is 374593 prime?
False
Is 22067 a prime number?
True
Is 4421 composite?
False
Is 2699 a prime number?
True
Is 119333 composite?
True
Is 6209 composite?
True
Is 13323 prime?
False
Is 95507 a composite number?
False
Is 4939 a composite number?
True
Is 62209 a composite number?
True
Is 5989099 composite?
False
Is 13523 composite?
False
Is 20278 prime?
False
Is 50891 a composite number?
False
Is 400321 a prime number?
True
Is 80251 a composite number?
False
Is 29179 prime?
True
Is 8817 composite?
True
Is 20477 prime?
True
Is 65749 prime?
False
Is 135379 a composite number?
True
Is 165583 a composite number?
True
Is 81331 prime?
True
Is 192307 composite?
False
Is 5053 prime?
False
Is 362599 a composite number?
False
Is 41707 composite?
True
Is 2721293 composite?
True
Is 134581 composite?
False
Is 38989 a prime number?
False
Is 8819 a composite number?
False
Is 31957 composite?
False
Is 340163 prime?
False
Is 426691 a prime number?
True
Is 26153 composite?
False
Is 2097421 a composite number?
False
Is 2861 prime?
True
Is 7829 prime?
True
Is 57055 a prime number?
False
Is 1844285 a composite number?
True
Is 1637 prime?
True
Is 281411 a composite number?
True
Is 30151 a prime number?
False
Is 1187387 a prime number?
True
Is 2603 a composite number?
True
Is 102143 a prime number?
False
Is 33049 a composite number?
False
Is 1506182 a prime number?
False
Is 8651 a prime number?
False
Is 29077 composite?
False
Is 116411 composite?
False
Is 23489 a prime number?
False
Is 518233 a prime number?
True
Is 109807 composite?
False
Is 759149 a composite number?
False
Is 548323 composite?
False
Is 75931 composite?
False
Is 524497 a prime number?
True
Is 66889 a composite number?
False
Is 14743 prime?
False
Is 23761 a prime number?
True
Is 830938 a composite number?
True
Is 34909 a prime number?
False
Is 95833 a composite number?
True
Is 5729 composite?
True
Is 2603 composite?
True
Is 348847 composite?
True
Is 10559 a prime number?
True
Is 18593 a composite number?
False
Is 789187 a composite number?
True
Is 398851 composite?
True
Is 2669 a prime number?
False
Is 23093 a composite number?
True
Is 2195521 prime?
True
Is 12074 prime?
False
Is 118109 a prime number?
False
Is 112859 prime?
True
Is 497801 prime?
True
Is 103009 a composite number?
True
Is 55439 composite?
False
Is 2533 a composite number?
True
Is 158917 composite?
True
Is 79214 a composite number?
True
Is 580687 prime?
True
Is 87221 composite?
False
Is 418027 a prime number?
True
Is 312371 a prime number?
True
Is 740651 prime?
True
Is 14969 a composite number?
False
Is 95869 prime?
True
Is 212941 prime?
False
Is 765557 a composite number?
True
Is 9977 a composite number?
True
Is 15859 composite?
False
Is 40519 a prime number?
True
Is 129877 a prime number?
False
Is 14501 prime?
False
Is 3061 a prime number?
True
Is 14969 prime?
True
Is 393377 a prime number?
True
Is 59107 prime?
True
Is 125187 composite?
True
Is 3209 a prime number?
True
Is 191227 composite?
False
Is 2095 a composite number?
True
Is 157247 prime?
True
Is 15863 prime?
False
Is 19031 a prime number?
True
Is 144289 a prime number?
True
Is 2735 prime?
False
Is 1823 composite?
False
Is 13982 a prime number?
False
Is 24713 a composite number?
True
Is 1069087 prime?
True
Is 1269683 prime?
True
Is 151517 composite?
False
Is 12929 prime?
False
Is 147827 composite?
False
Is 3032351 prime?
False
Is 277249 a prime number?
False
Is 245023 a prime number?
True
Is 19174 a composite number?
True
Is 776509 a prime number?
False
Is 54371 composite?
False
Is 1105213 a prime number?
True
Is 84587 a prime number?
False
Is 30757 prime?
True
Is 62621 prime?
False
Is 641 a composite number?
False
Is 369157 a composite number?
True
Is 259151 prime?
True
Is 22819 composite?
True
Is 1150933 prime?
False
Is 57619 prime?
False
Is 34186 prime?
False
Is 10061 prime?
True
Is 96661 composite?
False
Is 52237 a composite number?
False
Is 291779 composite?
False
Is 14143 a prime number?
True
Is 26293 a prime number?
True
Is 465107 a composite number?
False
Is 3637 a prime number?
True
Is 7411 composite?
